2 + 2*q - 33. Determine z(-4).
7
Let i(q) = -3*q**3 + 18*q**2 - 19*q - 4. Calculate i(6).
-118
Let t(q) = 6*q**2 + 325*q + 1525. Calculate t(-49).
6
Let o(g) = -g**2 + 718*g - 43. What is o(0)?
-43
Let a(l) = -2*l**2 + 31*l + 768. Determine a(28).
68
Let n(i) = -5*i**2 + 530*i - 1585. Determine n(103).
-40
Let t(w) = -2*w**3 + 15*w**2 + 128*w - 954. Determine t(7).
-9
Let s(b) = 1325*b + 46362. What is s(-35)?
-13
Let w(c) = 5*c**3 - 34*c**2 - 12*c + 37. Calculate w(7).
2
Let a(d) = -d**3 - 11*d**2 - 46*d - 166. Calculate a(-8).
10
Let q(y) = y**3 - 19*y**2 + 64*y + 44. What is q(14)?
-40
Let y(l) = l**3 + 67*l**2 + 124*l - 264. Determine y(-65).
126
Let w(v) = -2*v**3 + 40*v**2 - 42*v - 3. What is w(19)?
-79
Let y(b) = -16*b + 396. Determine y(7).
284
Let m(a) = a**2 - 101*a - 804. Calculate m(-7).
-48
Let y(f) = -7595*f - 22774. Give y(-3).
11
Let k(g) = 175*g + 30794. What is k(-176)?
-6
Let q(i) = -19*i + 119. Give q(8).
-33
Let z(q) = -39*q + 947. Give z(13).
440
Let x(u) = u**2 + 28*u - 3170. Give x(-72).
-2
Let w(g) = g**3 + 21*g**2 + 86*g + 5. What is w(-16)?
-91
Let j(d) = -d**3 - 2*d + 225. What is j(0)?
225
Let x(c) = -2*c**3 - 26*c**2 - 58*c + 24. Determine x(-3).
18
Let y(t) = 15*t**3 - 272*t**2 + 28*t - 1. Calculate y(18).
-145
Let l(h) = 20*h**2 - 8265*h - 6213. Give l(414).
-3
Let b(k) = -3*k**2 - 53*k + 46. What is b(-18)?
28
Let c(x) = 40*x - 218. Determine c(11).
222
Let o(w) = 12*w**2 + 308*w - 431. What is o(-27)?
1
Let s(k) = 294*k + 35266. What is s(-120)?
-14
Let o(t) = t**2 - 19*t - 4450. What is o(-58)?
16
Let j(y) = -18*y + 357. What is j(20)?
-3
Let b(t) = -t**2 - 381*t - 3715. Determine b(-10).
-5
Let u(t) = 23*t + 192. Give u(-7).
31
Let z(q) = 15*q + 136. Determine z(-35).
-389
Let k(s) = 2*s**2 + 88*s - 11. Determine k(-33).
-737
Let a(v) = -2*v**2 - 326*v + 71175. Give a(-287).
-1
Let k(s) = s**3 - 41*s**2 + 176*s + 132. Determine k(36).
-12
Let w(k) = 281*k - 7608. Determine w(27).
-21
Let x(n) = -4*n**3 - 69*n**2 - 18*n - 20. Calculate x(-17).
-3
Let x(u) = 383*u - 772. Give x(2).
-6
Let s(c) = 4552*c - 13651. Determine s(3).
5
Let z(i) = i**2 - 7*i - 1626. What is z(-37)?
2
Let p(z) = -z**3 + 44*z**2 - 41*z + 6108. Calculate p(46).
-10
Let n(y) = 190*y + 2465. Calculate n(-13).
-5
Let v(m) = m**3 - 56*m**2 + 441*m - 21225. Give v(55).
5
Let p(b) = 14*b - 125. Give p(16).
99
Let y(l) = -l - 5. What is y(45)?
-50
Let v(a) = -a**2 + 39*a + 119. Determine v(42).
-7
Let b(f) = 29*f + 321. Give b(-10).
31
Let k(j) = 9*j**2 + 27*j - 39. Determine k(2).
51
Let g(b) = -263*b + 1385. Determine g(5).
70
Let z(t) = 2*t**3 - 49*t**2 + 273*t - 5. Determine z(16).
11
Let k(y) = -2*y**2 + 154*y. Calculate k(78).
-156
Let z(n) = 68*n + 1368. Determine z(-19).
76
Let y(w) = w**2 + 87*w - 1896. Give y(18).
-6
Let p(y) = y**3 - 5*y**2 - 113*y + 703. Give p(7).
10
Let f(r) = -r**3 + 16*r + 8. Give f(-3).
-13
Let a(b) = 14*b - 80. Determine a(13).
102
Let z(n) = 27*n**2 - 13*n - 1. Determine z(4).
379
Let w(v) = 25*v**2 - 92*v - 10. What is w(4)?
22
Let d(p) = 2*p**3 + 62*p**2 + 203*p + 4299. Calculate d(-30).
9
Let f(d) = d**2 + 1724*d - 8640. Give f(5).
5
Let u(y) = 3*y**3 - 11*y**2 - 435*y + 7. What is u(14)?
-7
Let g(y) = 14*y**2 + 75*y + 19. What is g(-6)?
73
Let r(d) = -2*d**2 + 67*d + 101. What is r(33)?
134
Let q(t) = -3*t**2 - 262*t + 1958. Determine q(7).
-23
Let o(a) = -a**3 - 5*a**2 - 10*a - 11. What is o(-2)?
-3
Let l(u) = u**2 + 9*u - 207. Determine l(11).
13
Let h(g) = 2*g**2 - 172*g - 3019. Give h(101).
11
Let f(j) = j**3 + 51*j**2 + 480*j + 149. Calculate f(-12).
5
Let y(m) = 22*m - 36. What is y(-6)?
-168
Let r(z) = z + 140. Determine r(-46).
94
Let m(g) = 29*g - 1651. Calculate m(57).
2
Let o(w) = -60*w + 399. What is o(12)?
-321
Let j(z) = z**3 - 7*z**2 + z + 19. Calculate j(8).
91
Let x(n) = -n**3 + 7*n**2 - 10*n - 7. Determine x(5).
-7
Let x(m) = -m**2 - 26*m - 173. Determine x(-17).
-20
Let j(m) = -m**2 - m + 39. What is j(-7)?
-3
Let r(z) = -34*z + 465. What is r(13)?
23
Let p(v) = v**3 - 6*v**2 - 91*v + 604. Determine p(7).
16
Let n(j) = -2*j**3 + 53*j**2 - 39*j + 490. Calculate n(26).
152
Let z(a) = -2*a**3 - 15*a**2 + 44*a + 290. Calculate z(-7).
-67
Let g(s) = -775*s + 24028. Determine g(31).
3
Let z(d) = -2*d**2 - 29*d - 73. Calculate z(-4).
11
Let t(f) = f**3 - 36*f**2 - 72*f - 129. What is t(38)?
23
Let n(f) = -13*f**2 + 328*f - 86. What is n(25)?
-11
Let z(a) = a**3 + 44*a**2 - 13*a - 346. What is z(-44)?
226
Let k(t) = -208*t - 2701. What is k(-13)?
3
Let o(m) = -m**3 - 139*m**2 + 4*m + 550. Calculate o(-139).
-6
Let p(y) = 213*y + 20231. What is p(-95)?
-4
Let i(l) = -14*l + 41. Calculate i(1).
27
Let c(h) = -4*h**2 - 4*h + 7. Calculate c(-2).
-1
Let m(q) = -q**3 + 4*q**2 + 41*q - 23. Determine m(9).
-59
Let l(j) = -3*j**2 + 25*j + 43. Calculate l(0).
43
Let a(r) = 15*r**3 + 89*r**2 - 10*r - 14. Determine a(-6).
10
Let w(s) = 4*s**2 + 23*s - 163. Give w(7).
194
Let w(f) = -1557*f + 15569. Calculate w(10).
-1
Let b(n) = -3*n**2 - 17*n - 36. Determine b(-5).
-26
Let z(f) = -4*f**2 + 223*f + 206. Determine z(57).
-79
Let n(o) = -18*o - 69. Calculate n(-17).
237
Let j(c) = c**2 + 49*c - 64. Determine j(-44).
-284
Let r(o) = -2*o**3 + 75*o**2 - 177*o + 69. Calculate r(35).
-1
Let c(r) = 1181*r - 4775. What is c(4)?
-51
Let k(x) = 120*x - 44. Calculate k(2).
196
Let c(u) = -21*u - 256. Give c(-9).
-67
Let l(t) = -242*t - 4014. Give l(-16).
-142
Let y(c) = 8*c - 82. Give y(4).
-50
Let r(g) = -7*g**3 + g**2 - 18. Determine r(0).
-18
Let h(i) = -6*i**3 - 16*i**2 + 27*i - 9. Give h(-4).
11
Let w(x) = 30*x + 236. Calculate w(-10).
-64
Let k(u) = -u**3 - 6*u**2 + 280*u - 8. Determine k(14).
-8
Let d(t) = t**3 + 39*t**2 - 44*t - 137. What is d(-40)?
23
Let d(h) = 196*h - 2750. Calculate d(14).
-6
Let v(o) = o**3 - 3*o**2 - 98*o + 302. Give v(3).
8
Let d(x) = 2*x**3 - 44*x**2 + 7. Determine d(22).
7
Let s(h) = 261*h**2 + 275*h + 6. Calculate s(-1).
-8
Let g(b) = -1467*b + 173107. Give g(118).
1
Let y(j) = -4*j**3 - 93*j**2 + 66*j. Determine y(-24).
144
Let j(u) = 2*u**2 - 14*u - 7. What is j(3)?
-31
Let i(f) = -256*f - 2045. What is i(-8)?
3
Let z(u) = -114*u - 275. Give z(-2).
-47
Let s(b) = -1485*b + 2957. Give s(2).
-13
Let s(h) = 2*h**2 + 44*h - 171. Give s(-28).
165
Let v(g) = -45*g + 987. Calculate v(23).
-48
Let z(m) = -109*m - 1273. Give z(-13).
144
Let l(i) = -i**3 - 5*i**2 + 49*i - 9. Determine l(-10).
1
Let c(h) = h**3 + 94*h**2 + 162*h - 1945. Determine c(-92).
79
Let t(g) = g**2 - 13*g + 17. Give t(12).
5
Let i(l) = l**3 - 10*l**2 + 2*l + 196. What is i(8)?
84
Let g(d) = 276*d - 8362. What is g(31)?
194
Let k(m) = -3518*m - 17578. What is k(-5)?
12
Let m(y) = -5*y**2 - y + 76. Determine m(7).
-176
Let g(b) = 4*b**3 + 72*b**2 + 11*b + 17. Calculate g(-18).
-181
Let s(u) = -u**2 - 267*u - 4138. What is s(-17)?
112
Let g(d) = 10*d + 237. What is g(-21)?
27
Let s(j) = -j**2 + 391*j - 762. Give s(389).
16
Let x(d) = d**3 - 107*d**2 + 108*d - 213. What is x(106)?
-1
Let f(r) = -r**3 + 4*r**2 - 4*r - 13. Determine f(7).
-188
Let i(f) = 10*f**2 - f + 9. Give i(-3).
102
Let k(r) = -4*r**2 - 35*r - 33. What is k(-8)?
-9
Let j(x) = -x**3 + 4*x**2 + 47*x - 28. Give j(9).
-10
Let b(y) = 3*y**3 - 14*y**2 + 7*y - 72. Give b(5).
-12
Let c(i) = 1246*i - 2496. Determine c(2).
-4
Let x(r) = 5*r**3 + 16*r**2 - 6. Calculate x(-2).
18
Let y(t) = -16*t**2 - 144*t - 7. Calculate y(-4).
313
Let y(z) = 2*z**2 + 37*z + 6. What is y(-19)?
25
Let d(s) = 1937*s - 1929. Determine d(1).
8
Let j(m) = m**2 - 11*m - 151. Give j(-8).
1
Let u(d) = -d**2 + 232*d - 3050. Give u(14).
2
Let q(g) = g**3 - 36*g**2 + 1080*g - 41326. Give q(37).
3
Let t(m) = -5*m - 17. Determine t(-6).
13
Let o(b) = -29*b - 233. Give o(-10).
57
Let o(q) = -129*q**2 - 2*q - 2. Calculate o(-1).
-129
Let t(j) = -j**3 + 20*j**2 + 798*j + 55. Give t(40).
-25
Let w(d) = -24*d + 1537. Calculate w(66).
-47
Let x(k) = -3*k**3 - 38*k**2 - 273*k - 1582. Give x(-9).
-16
Let i(u) = -850*u - 853. Calculate i(-1).
-3
Let t(c) = -14*c**3 - c**2 - 3*c - 3. Calculate t(-2).
111
Let a(x) = -2*x**3 - 26*x**2 - 74*x - 7. Calculate a(-5).
-37
Let v(q) = -130*q + 14. Give v(3).
-376
Let l(c) = 191*c - 2455. What is l(13)?
28
Let h(a) = a**3 - 7*a**2 - 37*a - 24. Calculate h(-